Let h(v) = -v**2 + 4*v - 7. Calculate h(t).
-12
Let p(m) = -9*m**3 + 1. Let r = -11 - -6. Let w(v) = -v**2 - 6*v - 5. Let k be w(r). Suppose -a + k*a - 2*n + 3 = 0, -5*a + n + 4 = 0. What is p(a)?
-8
Let p(v) = -2*v + 8 - 2 + 0. Suppose -6*d = -2*d. Let b be d/(-8) + 1*4. Give p(b).
-2
Suppose 4 - 1 = -5*p + 2*s, 5*s = -4*p + 24. Let h(z) = z. Let i(v) = 4*v. Let r(g) = -11*h(g) + 2*i(g). What is r(p)?
-3
Let o(t) = t**2 - t. Let k be o(-1). Suppose z - k*z = 0. Let j(q) be the second derivative of -q**5/20 - q**4/12 - 2*q**2 - q. Give j(z).
-4
Let c(q) be the third derivative of -q**4/24 - 5*q**3/3 - 13*q**2. Calculate c(-5).
-5
Let f be (-1 + (-6 - 2))*-1. Let q(h) = 2 - f + h - 2. Determine q(6).
-3
Let z(n) = -n**2 + 15*n - 16. Let s be z(13). Suppose 0 = 5*w - 20 - s. Let o(q) = -q + 14. Determine o(w).
8
Let g(q) be the first derivative of q**2 - 3*q - 9. Give g(3).
3
Suppose -5*w + 17 + 17 = 3*o, -4*o - 5*w + 37 = 0. Let d(v) be the second derivative of 1/2*v**o + 0 + 2*v + 0*v**2. Determine d(1).
3
Let n(f) = 2*f**2 + 5. Let h(o) = 6 + 0 + 6*o**2 + 8. Let v(y) = -4*h(y) + 11*n(y). Let j be 4/(-6)*3 + 14 + -11. Determine v(j).
-3
Let v(z) be the third derivative of z**6/120 + z**5/15 - 5*z**4/24 - 7*z**3/6 - 14*z**2. What is v(-5)?
-7
Let f(o) = 3*o**3 + 9*o**2 + o + 3. Let q(x) = -x**3 - 4*x**2 - x - 2. Let u(r) = -2*f(r) - 5*q(r). Give u(3).
4
Let d be 2/8 - 2*(-15)/8. Let y(r) = -r**3 + 3*r**2 + 2*r - 2. Give y(d).
-10
Let n(u) = 1 - u**2 - 2*u - 3 + 3. Suppose t - 4 = 2*t. Let i be (t/5)/(2/10). Give n(i).
-7
Let b(k) be the first derivative of k**6/360 + k**5/60 - k**4/8 - 2*k**3/3 + 1. Let y(z) be the third derivative of b(z). What is y(-4)?
5
Let g(y) = 5*y**2 - 6*y + 7. Let x(h) = -4*h**2 + 5*h - 6. Let w(b) = -5*g(b) - 6*x(b). Let o(n) = -n. Let r(p) = 4*o(p) - w(p). Let m = -623 + 627. Give r(m).
-1
Let h(p) = -p - 1. Let g(s) = -3*s**3 - 3*s**2 + 4*s + 8. Let v(t) = g(t) + 6*h(t). What is v(-2)?
18
Let a(l) = l**2 + 7*l. Let u be a(-5). Let w = 7 + u. Let q be (w - -4) + 1*-6. Let p(k) = k**2 + 5*k + 2. What is p(q)?
2
Let t(v) = v**3 + 3*v**2 - v. Let q be (-91)/39 - (-2)/(-3). Determine t(q).
3
Let u(k) be the first derivative of k**7/840 - k**6/60 + k**5/30 + k**4/12 + 2*k**3/3 - 2. Let w(z) be the third derivative of u(z). What is w(5)?
-3
Let m(b) = -b**2 + 8*b + 13. Let l be m(7). Let v = -19 + l. Let i(f) = -f**3 + f**2. Give i(v).
0
Let f(o) = -o**3 + o - 8. Let x be (-1 + (-4)/(-8))*0. What is f(x)?
-8
Let m(p) = -5*p - 1. Suppose 2*g + 10 = 4*g. Suppose -g*z - 5 = 5. Determine m(z).
9
Let x(r) = 5*r - 3. Let o(s) = -s - 1. Let k(p) = -2*o(p) + x(p). Let d(q) = -q + 9. Let c be d(8). What is k(c)?
6
Let v(w) = -w**2 + 6*w - 3. Let a(h) be the third derivative of -h**6/40 + h**5/60 - 2*h**2. Let o be a(-1). Let m = -1 + o. Calculate v(m).
6
Let d be (54/4 + -2)*2. Suppose d = -2*b + 3*u + 4, 5*b + 15 = u. Let v(c) = -c. Let g(p) = p. Let s(r) = -2*g(r) - v(r). What is s(b)?
2
Let h(v) be the first derivative of v**6/120 + v**5/20 - v**4/8 - v**3 - v**2 + 1. Let z(f) be the second derivative of h(f). Calculate z(-4).
-10
Suppose 0 = -71*c + 69*c - 8. Let h(n) = 4*n + 2. Calculate h(c).
-14
Let d(v) = -v**2 + v - 4. Let g be d(0). Let c be ((-1)/3)/(g/60). Let b be 4/10 - 22/c. Let h(m) = -m**2 - 2*m + 5. Calculate h(b).
-3
Let t(r) = -r**3 + r**2 - 1. Suppose -3*q - 2*q = -j - 4, 2*j + 2*q - 4 = 0. Determine t(j).
-1
Let w(h) = -4*h**3 + 3 + 10*h**3 - 3*h**3 - 4*h**2 - 4*h**3 + 7*h. Calculate w(-5).
-7
Let i(t) = -t**3 - 5*t**2 + 2*t + 5. Let l = -17 - -12. Let n be i(l). Let g(s) = -s**3 - 6*s**2 - 4*s - 2. Determine g(n).
-7
Let d(b) = -3*b - 4*b**2 + 0*b + 2*b**2 - 1 + 2*b. Give d(-1).
-2
Let t(z) be the second derivative of z**7/180 + z**6/360 + z**5/120 + z**4/3 + 2*z. Let w(i) be the third derivative of t(i). Give w(-1).
13
Suppose -1 = u + 2, u = i - 2. Let p be i/(-1) + 2 + -4. Let d(x) be the first derivative of -3*x**3 + x + 8. What is d(p)?
-8
Suppose v + 2 = -0*v. Let b = -6 - v. Let r(k) = k**2 + 3*k + 4. Determine r(b).
8
Let i be (2 + -1)*(0 + -4). Let b(x) = x**2 + 5*x. What is b(i)?
-4
Let v = 6 - 2. Let z = 7 - v. Let u(b) = -1 + 4*b - 2*b + z*b. Determine u(-1).
-6
Let z(w) = 8*w**2 - 4*w + 3. Suppose 0 = j - 2. Let k be z(j). Suppose 2*u = 10, -3*d + 0*u + k = 3*u. Let n(c) = c**2 - 4*c + 3. What is n(d)?
3
Suppose 3*y = 2*a + 1, 0 - 3 = 3*a - 3*y. Let h(s) = 5*s**2 + 3*s + 2. Let p(l) = l**3 - 11*l**2 - 7*l - 4. Let d(n) = -5*h(n) - 2*p(n). Give d(a).
4
Let w be (-5 + 2)*1 + 7. Let u(v) = 2*v + 0*v + 0 - w + 3. Suppose 0 = t - 2. Determine u(t).
3
Let m(s) = 7*s**3 + 2*s**2 + 7*s + 10. Let y(l) = -6*l**3 - l**2 - 6*l - 9. Let r(u) = -5*m(u) - 6*y(u). What is r(4)?
8
Let k(a) = -a**2 + 3*a - 1. Let t(f) = -2*f**2 + 19*f - 7. Let o be t(9). Give k(o).
1
Let x(u) = u + 1. Let r(k) be the third derivative of 7*k**4/24 - k**3/6 - 2*k**2. Let p = 3 - 4. Let q(i) = p*r(i) + 6*x(i). Calculate q(4).
3
Let o(f) = f**2 + 5*f - 1. Let x(a) = a**2 - 11*a - 17. Let v be x(12). Determine o(v).
-1
Suppose 0 = -0*i + 5*i. Suppose 2*q - 16 = 2*v, -q + i*v + 2*v = -13. Let o(n) = -4*n + 4. Give o(q).
-8
Let o(t) = -t**2 - 8*t - 8. Suppose -2*x - x = -5*n + 48, -x - 10 = -n. Suppose -4*h + 9*b - n = 4*b, 0 = h + 5*b + 21. Determine o(h).
4
Let j = -1 + -1. Let i(d) be the second derivative of d**5/20 - d**3/3 - d**2 - 7*d. Calculate i(j).
-6
Let q(s) be the first derivative of -s**4/4 - 7*s**3/3 + 9*s**2/2 + 9*s - 13. Determine q(-8).
1
Let p(u) = u**3 - 3*u**2 + 7*u - 2*u - 2*u**2 - 3. Let s(m) be the second derivative of 3*m**5/20 + m**4/6 - m**2/2 + 4*m. Let w be s(1). Determine p(w).
1
Let r(a) = 12*a**3 - 4*a**2 - 6*a + 1. Let p(n) = -11*n**3 + 5*n**2 + 7*n - 1. Let w(o) = -5*p(o) - 6*r(o). What is w(1)?
-18
Let v(l) = l**2 + 9*l + 8. Let w(d) = -d**3 - 16*d**2 + 18*d + 11. Let t be w(-17). Calculate v(t).
-10
Let o(n) = -n**3 - 4*n**2 - 3*n + 1. Let j(q) = q**3 + 5*q**2 + 4*q + 6. Let i be j(-4). Let m be (-2)/i + (-33)/9. Determine o(m).
13
Let b(k) = k**2 - 11*k + 7. Let m be 82/41 - (-7 - -1 - 2). Calculate b(m).
-3
Let x be (9 + 2 + -2)/1. Let k be 3/(0 + x/6). Let b be (-1 - (k + -1)) + 1. Let h(d) = -2*d**2 - d. What is h(b)?
-1
Let h(l) = l**3 + l**2 - 4*l - 1. Let p be h(-3). Let i(f) = f**2 + 7*f - 7. Calculate i(p).
-7
Let s = -6 + 8. Let q(i) = -5*i**3 - 3*i**2 - 25*i. Let h(x) = -x**3 - x**2 - 6*x. Let t(y) = s*q(y) - 9*h(y). Give t(4).
0
Let m(t) be the second derivative of -t**4/2 + t**2/2 + 3*t. Let s(y) = -3*y + 1. Let i be s(1). Let r be -2*(3/i)/3. What is m(r)?
-5
Let v(r) = -16*r**2 - r - 20*r**2 + 28*r**2. Calculate v(-1).
-7
Let d(a) = 5 + 4*a - 1 - 5 - 1. Determine d(6).
22
Let j(s) = -1479*s. Let c(i) = 40*i. Let a(b) = -221*c(b) - 6*j(b). What is a(1)?
34
Let o(m) be the second derivative of m**6/120 - m**5/30 + m**4/24 - m**3/6 - 3*m**2/2 - 3*m. Let j(b) be the first derivative of o(b). Determine j(2).
1
Let r(f) be the first derivative of -f**4/4 + 7*f**3/3 + 9*f**2/2 + f - 22. Determine r(8).
9
Let p(k) = 3 + 5*k**2 + k**2 + 2*k - 6 - 7*k**2. Suppose -4*q = -8 - 0. Calculate p(q).
-3
Let z be (-3)/(-4) - (-5)/4. Let j(q) = 3*q + q + 1 + q - z*q. Determine j(-3).
-8
Let a(d) be the second derivative of d**6/120 + d**5/30 + d**4/6 + d**3/3 - 5*d**2 - d. Let m(x) be the first derivative of a(x). Determine m(-3).
-19
Suppose 3 - 12 = -3*i. Let s(p) = -i + 10*p - 4*p**2 - p**3 + p - 7*p. Give s(-5).
2
Suppose 4*v - 5*t = 0, 0*v = -4*v + 3*t. Let l(i) be the first derivative of -i**3/3 - i**2/2 - i - 7. What is l(v)?
-1
Suppose 0 = 2*g + b, 0*g = 3*g + 5*b. Let x be 2 + 0*1/(-2). Let f(k) = -x + 10 + 4*k - 6*k + k. Give f(g).
8
Suppose 0 = d + 4*d + 2*n - 20, -18 = d - 4*n. Let p(w) = 4*w - 7 - 8*w - w**2 - d*w. Give p(-5).
-2
Let u = -8 + 13. Suppose 4*r - u*r = -6. Let n(l) = l**3 - 7*l**2 + 5*l + 1. What is n(r)?
-5
Let g(k) be the second derivative of 0 + 1/6*k**3 - 8*k + 2*k**2. Determine g(4).
8
Suppose -3*x = 5*u - 17, 4*u + x - 14 = -x. Let q = 3 - u. Let f(b) be the second derivative of -b**3/3 - b**2/2 + 4*b. What is f(q)?
1
Let c be (-2*2/(-4))/(-1). Let v(n) = -n**2 + 13*n - 9. Let d be v(12). Let o(i) = -i - 8*i + 1 + d*i + 0*i. Calculate o(c).
7
Let g(s) = 18*s + 14 - 3*s